*q = -p*q + 30. List the prime factors of l.
2
Let g = -23 - -19. Suppose -3*y - 4*u = 4, 5*y + 6*u = 4*u - 30. Let p = g - y. List the prime factors of p.
2
Let j(p) = 1296*p**3 + p**2 + 2*p - 2. List the prime factors of j(1).
1297
Let t = 1066 - 44. List the prime factors of t.
2, 7, 73
Let f(j) = -612*j - 58. What are the prime factors of f(-2)?
2, 11, 53
Suppose 6*x - 25 = x. Suppose -9 - 16 = -x*i. What are the prime factors of (-9 - -4)*(-34)/i?
2, 17
Let t(w) = 313*w - 31. List the prime factors of t(2).
5, 7, 17
Suppose 2*s - 6*s - 12 = 0, 5*p + 2 = -4*s. Suppose -c + 30 = -a - a, 10 = c + p*a. Suppose 4 = -r + c. What are the prime factors of r?
2
Let o(x) = 5*x**3 - 72*x**2 - 4*x + 18. What are the prime factors of o(16)?
2, 7, 11, 13
Suppose v - d + 26 = 3*d, 0 = -v + 3*d - 22. List the prime factors of 0 + (-8)/v - (-6858)/90.
7, 11
Let d(l) = l**3 + 42*l**2 + 27*l - 142. What are the prime factors of d(-41)?
2, 3
Suppose 2*f + 3*n - 323 - 151 = 0, -2*f = -4*n - 488. Suppose -8*r = 4*r - f. What are the prime factors of r?
2, 5
What are the prime factors of (-30)/((3/(-55))/((-3)/(-2)))?
3, 5, 11
Let g be 4/14 + (-372)/(-21). Suppose -2*x + g = -4*v, 5*x = 3*v - 4*v + 12. Suppose -i + 2*z = z - 15, i + x*z + 1 = 0. List the prime factors of i.
11
Suppose 2*l + m = -4*m - 102, 144 = -4*l + 5*m. List the prime factors of l/(2 + 9/(-3)).
41
Let d = 13050 - 9123. What are the prime factors of d?
3, 7, 11, 17
Let x = 126 - 185. Let i = 204 + x. List the prime factors of i.
5, 29
Let v be 2/(-4) + (-2)/4. Let s be -3*(-1)/v + 0. List the prime factors of (-11 - 2)/(s/6).
2, 13
Suppose -8*b = -9*b - 10*b. Suppose -j + l + 44 = 0, 0 = -b*l + 2*l. List the prime factors of j.
2, 11
Suppose 3*s - 436 = 569. What are the prime factors of s?
5, 67
List the prime factors of 1375 + (-4)/(-6)*(-12)/(-4).
3, 17
Let n(u) = -735*u - 152. List the prime factors of n(-5).
13, 271
Let q(w) = -299*w - 2. What are the prime factors of q(-1)?
3, 11
Let j be -8 - ((-1 - -5) + -4). Let v = j + 18. What are the prime factors of v?
2, 5
Suppose 2*s = s + 2. Suppose 60 = 5*k - s*k - 4*m, k = -4*m + 36. What are the prime factors of k?
2, 3
Suppose -3*h - 50 = -3*j + 7, 5*j = -4*h + 59. Suppose 69 - j = 3*k. List the prime factors of k.
2, 3
What are the prime factors of -4 + 13/((-78)/(-3960))?
2, 41
Suppose 0 = -15*p + 12*p + 618. List the prime factors of p/4 - (-8)/(-16).
3, 17
Let w be (27 - 28)/(1/(-2)). Suppose 2 = -4*d + 2*d, -4*d = 4*j - 8. Suppose 0 = -5*k - x - x + 44, -j*x = w*k - 22. What are the prime factors of k?
2
Suppose 8 = 2*d - 0. Suppose 100 = -0*v - 4*v + 4*q, 3*v + 89 = -d*q. Let m = 55 + v. What are the prime factors of m?
2, 7
Suppose -24*q + 11271 = -11*q. What are the prime factors of q?
3, 17
Let p = -175 - -244. What are the prime factors of p?
3, 23
Let o(x) = 189*x**2 - 4*x - 4. What are the prime factors of o(-2)?
2, 5, 19
Suppose 0 = 4*v + 3*h - 4*h - 504, 2*v = -2*h + 242. Suppose 5*y - 5*c = -0*c + v, -37 = -y - 2*c. List the prime factors of y.
29
Let l(d) = 67*d**2 - 17*d + 91. What are the prime factors of l(5)?
41
Let w(v) = -v**2 - 6*v + 9. Let f = 13 + -23. Let x be 72/f - (-1)/5. What are the prime factors of w(x)?
2
Let j(d) = -3*d**3 - 2*d**2 - 7*d + 8. List the prime factors of j(-8).
2, 23
Let y(c) = 5*c - 15. Let f be y(3). Suppose 308 = -0*x + 2*x - s, -x - 3*s + 154 = f. What are the prime factors of x?
2, 7, 11
Let s = 7147 - 1159. What are the prime factors of s?
2, 3, 499
What are the prime factors of 92/138 - 2300/(-6)?
2, 3
Let p(t) = 19*t + 18. Let n(o) = 37*o + 35. Let q(b) = -4*n(b) + 7*p(b). List the prime factors of q(-5).
61
Let b(g) = 10*g**3 + g**2 - 2*g - 1. Let h(l) = 40*l**3 + 5*l**2 - 9*l - 4. Let m(v) = -9*b(v) + 2*h(v). List the prime factors of m(-2).
5, 17
Suppose 58*k + 6710 = 68*k. List the prime factors of k.
11, 61
Let s(d) = 50*d**3 + 1. Let v be s(1). Suppose -3*q = 3*k - 162, 3*k - v = -q + k. Suppose -3*j - 275 = -4*z - z, -z = -j - q. List the prime factors of z.
2, 13
Let u(w) be the second derivative of 76*w**3/3 + w**2 + 6*w. List the prime factors of u(1).
2, 7, 11
Let r(j) be the second derivative of -j**5/20 + j**4 - 5*j**3/2 - 7*j**2/2 - 3*j. Let m be r(11). List the prime factors of (-3)/(-9)*m/(-1).
17
List the prime factors of -2 + (-19)/(-9) + 15630/27.
3, 193
Suppose 4*t = -3*n + 11, -t - 17 = 4*n - 2*t. What are the prime factors of n - 1*1*-69?
2, 3, 11
Suppose 15310 = 22*y - 54936. List the prime factors of y.
31, 103
Let j(w) = 3*w**3 + 2*w**2 - 1. Let n be j(1). Let x be 0*(36/8 - n). Suppose -q = -3 - x. List the prime factors of q.
3
Suppose -9*g - 118 = 71. Let u(h) = h**3 + 19*h**2 - 51*h - 3. List the prime factors of u(g).
2, 3, 31
Let k(o) = -o**2 - 13*o - 14. Let l be k(-12). List the prime factors of (-22)/((-1)/(-3)*l).
3, 11
Suppose 382*w - 1368 = 381*w. What are the prime factors of w?
2, 3, 19
Let j(r) be the third derivative of r**4/12 + 4*r**3/3 - r**2. Let a be (-51)/(-6) - ((-49)/(-14) + -2). What are the prime factors of j(a)?
2, 11
Suppose 5*h + 2*j - 7*j - 730 = 0, 2*h = 5*j + 292. List the prime factors of h.
2, 73
Let m(o) = -o**3 - 4*o**2 + 7*o + 7. Let k be m(-5). Suppose -2*c - 5 = 315. What are the prime factors of (0 + k)/(15/c)?
2
Let j = 802 - 253. List the prime factors of j.
3, 61
Let s(i) = 3*i**3 - 7*i**2 + 5*i - 153. What are the prime factors of s(8)?
3, 5, 13
Let m = -1119 - -2341. What are the prime factors of m?
2, 13, 47
Let p(d) = -5*d**3 - 2*d**2 - 9*d - 7. Let r be p(-3). Let y = r + -39. List the prime factors of y.
2, 7
Suppose 73519 - 13173 = 22*k. What are the prime factors of k?
13, 211
Let a(f) = 101*f - 7. Let c be a(2). Suppose y + 32 = 4*t + c, -2*y + 5*t = -317. List the prime factors of y.
151
Let y(r) = -r**3 + r**2 - 2*r + 61. Let n be y(0). Let h = n + 0. What are the prime factors of h?
61
Suppose -4*a - 22 = -3*g, 2*a + a = 5*g - 22. Suppose -4*c + 272 = g*m, -2*c + 3*c = 3*m + 61. List the prime factors of c.
67
Let b(k) = 6*k + 14. Suppose -3*j = 9 - 24. What are the prime factors of b(j)?
2, 11
Suppose 8*i - 7*i - 5666 = -5*r, -4*i - 2284 = -2*r. What are the prime factors of r?
2, 3, 7
Suppose -12 - 4 = -4*d. What are the prime factors of -2 + (d/22 - 15708/(-121))?
2
Suppose 2569 + 18599 = 14*f. List the prime factors of f.
2, 3, 7
Suppose 8*c = 3604 + 2692. List the prime factors of c.
787
Let y(k) = -127*k - 1. Suppose -4*w - 2 - 2 = 0. List the prime factors of y(w).
2, 3, 7
Suppose -3*x = 5*f + 3, 2*f + 3*x - 6*x = 3. Suppose 2*w - 2 - 6 = f. What are the prime factors of (-15)/w*8/(-3)?
2, 5
Let t be (92/7)/((-2)/(-7)). List the prime factors of 3 + t/(-14) + 1497/21.
71
Let b(a) = -5 + 4 + 0*a + 9 - 2*a. Let m be b(4). Let x(o) = o**2 - o + 11. What are the prime factors of x(m)?
11
Let a = -5373 - -7617. What are the prime factors of a?
2, 3, 11, 17
Let v be (121/(-4))/((-2)/8). Let z = 439 + -514. Let l = v + z. What are the prime factors of l?
2, 23
Let r(q) = -857*q**3 + 3*q**2 + q - 1. What are the prime factors of r(-1)?
2, 3, 11, 13
Let d = 1251 - 50. What are the prime factors of d?
1201
Suppose 6 = 5*z - 4. Let r be -30*z*(-2)/8. List the prime factors of (-4)/(-2) - r/(-1).
17
Let q be -1 + 3 + 1*2. Suppose -2*s - 38 = g, -q*s - 4*g = g + 82. List the prime factors of (s/21)/1*-28.
2, 3
Let n(h) = 12*h**2 - 41*h - 287. List the prime factors of n(-6).
17, 23
Suppose -5*s - 1193 + 123 = 0. Let i = s - -365. List the prime factors of i.
151
Suppose 0 = 72*w - 69*w - 3*v - 13527, 4*w - 2*v - 18032 = 0. List the prime factors of w.
4507
Let a(i) = -2*i**3 + 10*i**2 + 5*i + 5. Let w(r) = r**3 - 5*r**2 - 2*r - 3. Let b(t) = 3*a(t) + 5*w(t). List the prime factors of b(5).
5
Let x = -85 + 83. What are the prime factors of 1/((x/6)/(488/(-24)))?
61
Let w(y) be the second derivative of 8*y**3/3 - 2*y**2 + 33*y. List the prime factors of w(14).
2, 5, 11
Suppose 8*o + 734 = -242. Let g = -42 - o. What are the prime factors of g?
2, 5
Let x be 3 + (4 - 5) - 2. Suppose 4*o + x*o - 8 = 0. Suppose o*g = -3*g + 50. List the prime factors of g.
2, 5
Suppose 3*n = 3*u - 192, -5*n - 7*u - 332 = -6*u. What are the prime factors of (-6)/(-8) + (-54)/(-24) - n?
3, 23
Suppose -y + 17 = -4. Suppose y*p - 2